dreds digit of 8873?
8
What is the hundreds digit of 22186?
1
What is the units digit of 10753?
3
What is the units digit of 934?
4
What is the units digit of 32303?
3
What is the tens digit of 39133?
3
What is the tens digit of 1354?
5
What is the thousands digit of 2653?
2
What is the thousands digit of 4876?
4
What is the tens digit of 92141?
4
What is the tens digit of 18705?
0
What is the units digit of 1520?
0
What is the tens digit of 3944?
4
What is the hundreds digit of 7911?
9
What is the units digit of 32787?
7
What is the units digit of 4337?
7
What is the ten thousands digit of 30565?
3
What is the tens digit of 2465?
6
What is the tens digit of 827?
2
What is the units digit of 1826?
6
What is the tens digit of 352?
5
What is the thousands digit of 2554?
2
What is the thousands digit of 13773?
3
What is the tens digit of 6499?
9
What is the hundreds digit of 3741?
7
What is the units digit of 39193?
3
What is the units digit of 1718?
8
What is the tens digit of 325?
2
What is the tens digit of 1537?
3
What is the thousands digit of 28506?
8
What is the thousands digit of 14952?
4
What is the units digit of 87614?
4
What is the hundreds digit of 457?
4
What is the hundreds digit of 45785?
7
What is the thousands digit of 2096?
2
What is the thousands digit of 19665?
9
What is the ten thousands digit of 11629?
1
What is the thousands digit of 1037?
1
What is the hundreds digit of 739?
7
What is the tens digit of 4572?
7
What is the units digit of 89355?
5
What is the tens digit of 13127?
2
What is the units digit of 94848?
8
What is the hundreds digit of 3274?
2
What is the hundreds digit of 2371?
3
What is the tens digit of 716?
1
What is the hundreds digit of 1895?
8
What is the units digit of 50?
0
What is the ten thousands digit of 126293?
2
What is the units digit of 170?
0
What is the hundreds digit of 1819?
8
What is the units digit of 979?
9
What is the ten thousands digit of 66798?
6
What is the thousands digit of 1922?
1
What is the hundreds digit of 93763?
7
What is the tens digit of 83205?
0
What is the tens digit of 74041?
4
What is the hundreds digit of 1378?
3
What is the hundreds digit of 6288?
2
What is the tens digit of 2953?
5
What is the tens digit of 878?
7
What is the units digit of 698?
8
What is the tens digit of 74304?
0
What is the hundreds digit of 2459?
4
What is the units digit of 1041?
1
What is the ten thousands digit of 96157?
9
What is the tens digit of 11280?
8
What is the ten thousands digit of 16587?
1
What is the tens digit of 67543?
4
What is the units digit of 7990?
0
What is the tens digit of 1352?
5
What is the ten thousands digit of 40807?
4
What is the units digit of 19412?
2
What is the thousands digit of 2126?
2
What is the hundreds digit of 2264?
2
What is the hundreds digit of 2234?
2
What is the units digit of 3796?
6
What is the ten thousands digit of 66592?
6
What is the units digit of 11474?
4
What is the hundreds digit of 405?
4
What is the hundreds digit of 642?
6
What is the tens digit of 21912?
1
What is the tens digit of 625?
2
What is the hundreds digit of 3812?
8
What is the hundreds digit of 34657?
6
What is the units digit of 8716?
6
What is the units digit of 7646?
6
What is the tens digit of 1803?
0
What is the hundreds digit of 4432?
4
What is the units digit of 116?
6
What is the tens digit of 70986?
8
What is the thousands digit of 4855?
4
What is the tens digit of 8483?
8
What is the tens digit of 51879?
7
What is the units digit of 96595?
5
What is the hundreds digit of 2758?
7
What is the hundreds digit of 36839?
8
What is the tens digit of 38753?
5
What is the units digit of 13733?
3
What is the hundreds digit of 863?
8
What is the units digit of 962?
2
What is the tens digit of 6948?
4
What is the tens digit of 18836?
3
What is the hundreds digit of 13759?
7
What is the thousands digit of 11801?
1
What is the thousands digit of 58524?
8
What is the units digit of 2587?
7
What is the units digit of 27210?
0
What is the hundreds digit of 9312?
3
What is the ten thousands digit of 44243?
4
What is the tens digit of 983?
8
What is the ten thousands digit of 130322?
3
What is the ten thousands digit of 19992?
1
What is the units digit of 411?
1
What is the thousands digit of 1567?
1
What is the units digit of 230?
0
What is the units digit of 194?
4
What is the units digit of 10055?
5
What is the thousands digit of 5602?
5
What is the units digit of 3079?
9
What is the tens digit of 1802?
0
What is the units digit of 129445?
5
What is the thousands digit of 24253?
4
What is the tens digit of 1861?
6
What is the tens digit of 484?
8
What is the tens digit of 7397?
9
What is the thousands digit of 1974?
1
What is the tens digit of 156?
5
What is the units digit of 1000?
0
What is the hundreds digit of 890?
8
What is the ten thousands digit of 22808?
2
What is the thousands digit of 1367?
1
What is the hundreds digit of 17274?
2
What is the units digit of 4580?
0
What is the tens digit of 36?
3
What is the thousands digit of 8735?
8
What is the ten thousands digit of 24583?
2
What is the thousands digit of 5969?
5
What is the hundreds digit of 5960?
9
What is the hundreds digit of 55933?
9
What is the thousands digit of 9314?
9
What is the tens digit of 25766?
6
What is the tens digit of 1382?
8
What is the thousands digit of 137921?
7
What is the units digit of 7656?
6
What is the units digit of 7155?
5
What is the hundreds digit of 83863?
8
What is the hundreds digit of 504?
5
What is the hundreds digit of 13797?
7
What is the tens digit of 764?
6
What is the hundreds digit of 48610?
6
What is the tens digit of 4631?
3
What is the ten thousands digit of 23472?
2
What is the units digit of 2418?
8
What is the hundreds digit of 2216?
2
What is the thousands digit of 1477?
1
What is the tens digit of 1042?
4
What is the units digit of 1020?
0
What is the tens digit of 2314?
1
What is the hundreds digit of 1240?
2
What is the thousands digit of 3598?
3
What is the tens digit of 733?
3
What is the hundreds digit of 53968?
9
What is the thousands digit of 3147?
3
What is the hundreds digit of 3051?
0
What is the tens digit of 7681?
8
What is the hundreds digit of 5935?
9
What is the tens digit of 1124?
2
What is the tens digit of 4136?
3
What is the units digit of 2349?
9
What is the units digit of 36959?
9
What is the hundreds digit of 5449?
4
What is the units digit of 541?
1
What is the units digit of 6751?
1
What is the thousands digit of 15911?
5
What is the ten thousands digit of 62146?
6
What is the thousands digit of 2428?
2
What is the units digit of 1830?
0
What is the hundreds digit of 1979?
9
What is the tens digit of 592?
9
What is the hundreds digit of 220?
2
What is the thousands digit of 3406?
3
What is the units digit of 9208?
8
What is the hundreds digit of 62665?
6
What is the units digit of 59048?
8
What is the hundreds digit of 577?
5
What is the hundreds digit of 958?
9
What is the units digit of 2373?
3
What is the tens digit of 13888?
8
What is the hundreds digit of 1239?
2
What is the hundreds digit of 20430?
4
What is the tens digit of 208?
0
What is the ten thousands digit of 67491?
6
What is the tens digit of 19935?
3
What is the hundreds digit of 76761?
7
What is the hundreds digit of 9588?
5
What is the tens digit of 9740?
4
What is the thousands digit of 93626?
3
What is the hundreds digit of 8028?
0
What is the tens digit of 34?
3
What is the hundreds digit of 12238?
2
What is the hundreds digit of 1593?
5
What is the hundreds digit of 42580?
5
What is the tens digit of 597?
9
What is the units digit of 5816?
6
What is the units digit of 10248?
8
What is the hundreds digit of 1342?
3
What is the units digit of 24156?
6
What is the units digit of 5229?
9
What is the tens digit of 2529?
2
What is the tens digit of 29542?
4
What is the thousands digit of 7322?
7
What is the hundreds digit of 14752?
7
What is the ten thousands digit of 14286?
1
What is the thousands digit of 3826?
3
What is the units digit of 52796?
6
What is the ten thousands digit of 34251?
3
What is the tens digit of 417?
1
What is the units digit of 29072?
2
What is the hundreds digit of 10435?
4
What is the hundreds digit of 41335?
3
What is the units digit of 18634?
4
W